{"id":2217,"date":"2023-10-09T16:10:58","date_gmt":"2023-10-09T14:10:58","guid":{"rendered":"https:\/\/iirc.uek.krakow.pl\/ki\/?post_type=konferencjeseminaria&#038;p=2217"},"modified":"2023-10-09T16:20:46","modified_gmt":"2023-10-09T14:20:46","slug":"the-icam-project-conference","status":"publish","type":"konferencjeseminaria","link":"https:\/\/iirc.uek.krakow.pl\/ki\/konferencjeseminaria\/the-icam-project-conference\/","title":{"rendered":"The ICAM Project Conference"},"content":{"rendered":"\t\t<div data-elementor-type=\"wp-post\" data-elementor-id=\"2217\" class=\"elementor elementor-2217\" data-elementor-post-type=\"konferencjeseminaria\">\n\t\t\t\t\t\t<section data-particle_enable=\"false\" data-particle-mobile-disabled=\"false\" class=\"elementor-section elementor-top-section elementor-element elementor-element-7428913 elementor-section-boxed elementor-section-height-default elementor-section-height-default\" data-id=\"7428913\" data-element_type=\"section\" data-settings=\"{&quot;jet_parallax_layout_list&quot;:[]}\">\n\t\t\t\t\t\t<div class=\"elementor-container elementor-column-gap-default\">\n\t\t\t\t\t<div class=\"elementor-column elementor-col-100 elementor-top-column elementor-element elementor-element-566f8ca\" data-id=\"566f8ca\" data-element_type=\"column\">\n\t\t\t<div class=\"elementor-widget-wrap elementor-element-populated\">\n\t\t\t\t\t\t<div class=\"elementor-element elementor-element-7df9680 elementor-widget elementor-widget-text-editor\" data-id=\"7df9680\" data-element_type=\"widget\" data-widget_type=\"text-editor.default\">\n\t\t\t\t<div class=\"elementor-widget-container\">\n\t\t\t\t\t\t\t\t\t<h2><a href=\"https:\/\/icam.uek.krakow.pl\/dissemination-rozpowszechnianie\">Konferencja rozpowszechniaj\u0105ca<\/a> projekt <a href=\"https:\/\/icam.uek.krakow.pl\/\">ICAM<\/a> &#8211; <br \/>Alignment of ICT Related Curricula with Labour Market Expectations<\/h2>\t\t\t\t\t\t\t\t<\/div>\n\t\t\t\t<\/div>\n\t\t\t\t<section data-particle_enable=\"false\" data-particle-mobile-disabled=\"false\" class=\"elementor-section elementor-inner-section elementor-element elementor-element-624d376 elementor-section-boxed elementor-section-height-default elementor-section-height-default\" data-id=\"624d376\" data-element_type=\"section\" data-settings=\"{&quot;jet_parallax_layout_list&quot;:[]}\">\n\t\t\t\t\t\t<div class=\"elementor-container elementor-column-gap-default\">\n\t\t\t\t\t<div class=\"elementor-column elementor-col-50 elementor-inner-column elementor-element elementor-element-6130565\" data-id=\"6130565\" data-element_type=\"column\">\n\t\t\t<div class=\"elementor-widget-wrap elementor-element-populated\">\n\t\t\t\t\t\t<div class=\"elementor-element elementor-element-96a43a5 elementor-widget__width-initial elementor-widget elementor-widget-image\" data-id=\"96a43a5\" data-element_type=\"widget\" data-widget_type=\"image.default\">\n\t\t\t\t<div class=\"elementor-widget-container\">\n\t\t\t\t\t\t\t\t\t\t\t\t\t\t\t<img fetchpriority=\"high\" decoding=\"async\" width=\"960\" height=\"673\" src=\"https:\/\/iirc.uek.krakow.pl\/ki\/wp-content\/uploads\/sites\/5\/2023\/10\/icamnw-1024x718.png\" class=\"attachment-large size-large wp-image-2225\" alt=\"\" srcset=\"https:\/\/iirc.uek.krakow.pl\/ki\/wp-content\/uploads\/sites\/5\/2023\/10\/icamnw-1024x718.png 1024w, https:\/\/iirc.uek.krakow.pl\/ki\/wp-content\/uploads\/sites\/5\/2023\/10\/icamnw-300x210.png 300w, https:\/\/iirc.uek.krakow.pl\/ki\/wp-content\/uploads\/sites\/5\/2023\/10\/icamnw-768x538.png 768w, https:\/\/iirc.uek.krakow.pl\/ki\/wp-content\/uploads\/sites\/5\/2023\/10\/icamnw-1140x799.png 1140w, https:\/\/iirc.uek.krakow.pl\/ki\/wp-content\/uploads\/sites\/5\/2023\/10\/icamnw.png 1280w\" sizes=\"(max-width: 960px) 100vw, 960px\" \/>\t\t\t\t\t\t\t\t\t\t\t\t\t\t\t<\/div>\n\t\t\t\t<\/div>\n\t\t\t\t\t<\/div>\n\t\t<\/div>\n\t\t\t\t<div class=\"elementor-column elementor-col-50 elementor-inner-column elementor-element elementor-element-d639b8c\" data-id=\"d639b8c\" data-element_type=\"column\">\n\t\t\t<div class=\"elementor-widget-wrap elementor-element-populated\">\n\t\t\t\t\t\t<div class=\"elementor-element elementor-element-d4909ea elementor-widget elementor-widget-text-editor\" data-id=\"d4909ea\" data-element_type=\"widget\" data-widget_type=\"text-editor.default\">\n\t\t\t\t<div class=\"elementor-widget-container\">\n\t\t\t\t\t\t\t\t\t<p>Zapraszamy na konferencj\u0119 rozpowszechniaj\u0105c\u0105 <a href=\"https:\/\/icam.uek.krakow.pl\/\">projekt ICAM<\/a>: \u201eDostosowanie program\u00f3w nauczania ICT do oczekiwa\u0144 rynku pracy\u201d, kt\u00f3ry realizujemy wsp\u00f3lnie z University of South-Eastern Norway w okresie od 1.01.2022 do 31.12.2023.<\/p><p>Konferencja odb\u0119dzie si\u0119 w dniu <strong>12.10.2023, w godz. 9-15, w Sali nr 7 w Pawilonie Sportowym UEK<\/strong>.<\/p><p>Szczeg\u00f3lne zaproszenie kierujemy do os\u00f3b, kt\u00f3re s\u0105 zwi\u0105zane z innymi firmami lub instytucjami edukacyjnymi, poniewa\u017c celem konferencji jest rozpowszechnianie informacji o projekcie poza UEK.<\/p>\t\t\t\t\t\t\t\t<\/div>\n\t\t\t\t<\/div>\n\t\t\t\t\t<\/div>\n\t\t<\/div>\n\t\t\t\t\t<\/div>\n\t\t<\/section>\n\t\t\t\t<div class=\"elementor-element elementor-element-fb13d11 elementor-widget elementor-widget-text-editor\" data-id=\"fb13d11\" data-element_type=\"widget\" data-widget_type=\"text-editor.default\">\n\t\t\t\t<div class=\"elementor-widget-container\">\n\t\t\t\t\t\t\t\t\t<p>Tematyka wyst\u0105pie\u0144 przewidzianych w <a href=\"https:\/\/drive.google.com\/file\/d\/1CtkU8bIrCUWeIh6qbLET5za_YCCd4VVQ\/view?usp=sharing\">programie konferencji<\/a> obejmuje mi\u0119dzy innymi:<\/p><ul><li>Domain Chat Bots \u2013 use in process digitization<\/li><li>Low-code process automation \u2013 changes in labour market trajectories<\/li><li>Cloud and AI as the indispensable part of broader skill set<\/li><li>Architecture of a modern ERP system<\/li><li>The concept of micro-credentials and feasibility of its implementation<\/li><li>Comparative analysis of ICT labour market expectations in Norway and Poland<\/li><li>The use of MOOCs for curriculum alignment and flexible distance learning<\/li><li>Challenges in the process of shaping ICT related study programs<\/li><\/ul>\t\t\t\t\t\t\t\t<\/div>\n\t\t\t\t<\/div>\n\t\t\t\t\t<\/div>\n\t\t<\/div>\n\t\t\t\t\t<\/div>\n\t\t<\/section>\n\t\t\t\t<\/div>\n\t\t","protected":false},"excerpt":{"rendered":"<p>Konferencja rozpowszechniaj\u0105ca projekt ICAM: \u201eDostosowanie program\u00f3w nauczania ICT do oczekiwa\u0144 rynku pracy\u201d, realizowany wsp\u00f3lnie z University of South-Eastern Norway &#8211; 12.10.2023, w godz. 9-15, Sala nr 7, pawilon sportowy UEK.<\/p>\n","protected":false},"author":7,"featured_media":2221,"parent":0,"menu_order":0,"template":"","format":"standard","meta":[],"class_list":["post-2217","konferencjeseminaria","type-konferencjeseminaria","status-publish","format-standard","has-post-thumbnail","hentry"],"_links":{"self":[{"href":"https:\/\/iirc.uek.krakow.pl\/ki\/wp-json\/wp\/v2\/konferencjeseminaria\/2217","targetHints":{"allow":["GET"]}}],"collection":[{"href":"https:\/\/iirc.uek.krakow.pl\/ki\/wp-json\/wp\/v2\/konferencjeseminaria"}],"about":[{"href":"https:\/\/iirc.uek.krakow.pl\/ki\/wp-json\/wp\/v2\/types\/konferencjeseminaria"}],"author":[{"embeddable":true,"href":"https:\/\/iirc.uek.krakow.pl\/ki\/wp-json\/wp\/v2\/users\/7"}],"version-history":[{"count":9,"href":"https:\/\/iirc.uek.krakow.pl\/ki\/wp-json\/wp\/v2\/konferencjeseminaria\/2217\/revisions"}],"predecessor-version":[{"id":2228,"href":"https:\/\/iirc.uek.krakow.pl\/ki\/wp-json\/wp\/v2\/konferencjeseminaria\/2217\/revisions\/2228"}],"wp:featuredmedia":[{"embeddable":true,"href":"https:\/\/iirc.uek.krakow.pl\/ki\/wp-json\/wp\/v2\/media\/2221"}],"wp:attachment":[{"href":"https:\/\/iirc.uek.krakow.pl\/ki\/wp-json\/wp\/v2\/media?parent=2217"}],"curies":[{"name":"wp","href":"https:\/\/api.w.org\/{rel}","templated":true}]}}

<div data-elementor-type="wp-post" data-elementor-id="2217" class="elementor elementor-2217" data-elementor-post-type="konferencjeseminaria">
						<section data-particle_enable="false" data-particle-mobile-disabled="false" class="elementor-section elementor-top-section elementor-element elementor-element-7428913 elementor-section-boxed elementor-section-height-default elementor-section-height-default" data-id="7428913" data-element_type="section" data-settings="{&quot;jet_parallax_layout_list&quot;:[]}">
						<div class="elementor-container elementor-column-gap-default">
					<div class="elementor-column elementor-col-100 elementor-top-column elementor-element elementor-element-566f8ca" data-id="566f8ca" data-element_type="column">
			<div class="elementor-widget-wrap elementor-element-populated">
						<div class="elementor-element elementor-element-7df9680 elementor-widget elementor-widget-text-editor" data-id="7df9680" data-element_type="widget" data-widget_type="text-editor.default">
				<div class="elementor-widget-container">
									<h2><a href="https://icam.uek.krakow.pl/dissemination-rozpowszechnianie">Konferencja rozpowszechniająca</a> projekt <a href="https://icam.uek.krakow.pl/">ICAM</a> &#8211; <br />Alignment of ICT Related Curricula with Labour Market Expectations</h2>								</div>
				</div>
				<section data-particle_enable="false" data-particle-mobile-disabled="false" class="elementor-section elementor-inner-section elementor-element elementor-element-624d376 elementor-section-boxed elementor-section-height-default elementor-section-height-default" data-id="624d376" data-element_type="section" data-settings="{&quot;jet_parallax_layout_list&quot;:[]}">
						<div class="elementor-container elementor-column-gap-default">
					<div class="elementor-column elementor-col-50 elementor-inner-column elementor-element elementor-element-6130565" data-id="6130565" data-element_type="column">
			<div class="elementor-widget-wrap elementor-element-populated">
						<div class="elementor-element elementor-element-96a43a5 elementor-widget__width-initial elementor-widget elementor-widget-image" data-id="96a43a5" data-element_type="widget" data-widget_type="image.default">
				<div class="elementor-widget-container">
															<img fetchpriority="high" decoding="async" width="960" height="673" src="https://iirc.uek.krakow.pl/ki/wp-content/uploads/sites/5/2023/10/icamnw-1024x718.png" class="attachment-large size-large wp-image-2225" alt="" srcset="https://iirc.uek.krakow.pl/ki/wp-content/uploads/sites/5/2023/10/icamnw-1024x718.png 1024w, https://iirc.uek.krakow.pl/ki/wp-content/uploads/sites/5/2023/10/icamnw-300x210.png 300w, https://iirc.uek.krakow.pl/ki/wp-content/uploads/sites/5/2023/10/icamnw-768x538.png 768w, https://iirc.uek.krakow.pl/ki/wp-content/uploads/sites/5/2023/10/icamnw-1140x799.png 1140w, https://iirc.uek.krakow.pl/ki/wp-content/uploads/sites/5/2023/10/icamnw.png 1280w" sizes="(max-width: 960px) 100vw, 960px" />															</div>
				</div>
					</div>
		</div>
				<div class="elementor-column elementor-col-50 elementor-inner-column elementor-element elementor-element-d639b8c" data-id="d639b8c" data-element_type="column">
			<div class="elementor-widget-wrap elementor-element-populated">
						<div class="elementor-element elementor-element-d4909ea elementor-widget elementor-widget-text-editor" data-id="d4909ea" data-element_type="widget" data-widget_type="text-editor.default">
				<div class="elementor-widget-container">
									<p>Zapraszamy na konferencję rozpowszechniającą <a href="https://icam.uek.krakow.pl/">projekt ICAM</a>: „Dostosowanie programów nauczania ICT do oczekiwań rynku pracy”, który realizujemy wspólnie z University of South-Eastern Norway w okresie od 1.01.2022 do 31.12.2023.</p><p>Konferencja odbędzie się w dniu <strong>12.10.2023, w godz. 9-15, w Sali nr 7 w Pawilonie Sportowym UEK</strong>.</p><p>Szczególne zaproszenie kierujemy do osób, które są związane z innymi firmami lub instytucjami edukacyjnymi, ponieważ celem konferencji jest rozpowszechnianie informacji o projekcie poza UEK.</p>								</div>
				</div>
					</div>
		</div>
					</div>
		</section>
				<div class="elementor-element elementor-element-fb13d11 elementor-widget elementor-widget-text-editor" data-id="fb13d11" data-element_type="widget" data-widget_type="text-editor.default">
				<div class="elementor-widget-container">
									<p>Tematyka wystąpień przewidzianych w <a href="https://drive.google.com/file/d/1CtkU8bIrCUWeIh6qbLET5za_YCCd4VVQ/view?usp=sharing">programie konferencji</a> obejmuje między innymi:</p><ul><li>Domain Chat Bots – use in process digitization</li><li>Low-code process automation – changes in labour market trajectories</li><li>Cloud and AI as the indispensable part of broader skill set</li><li>Architecture of a modern ERP system</li><li>The concept of micro-credentials and feasibility of its implementation</li><li>Comparative analysis of ICT labour market expectations in Norway and Poland</li><li>The use of MOOCs for curriculum alignment and flexible distance learning</li><li>Challenges in the process of shaping ICT related study programs</li></ul>								</div>
				</div>
					</div>
		</div>
					</div>
		</section>
				</div>

<p>Konferencja rozpowszechniająca projekt ICAM: „Dostosowanie programów nauczania ICT do oczekiwań rynku pracy”, realizowany wspólnie z University of South-Eastern Norway &#8211; 12.10.2023, w godz. 9-15, Sala nr 7, pawilon sportowy UEK.</p>
