{"id":2325,"date":"2024-11-04T15:56:27","date_gmt":"2024-11-04T14:56:27","guid":{"rendered":"https:\/\/iirc.uek.krakow.pl\/ki\/?post_type=konferencjeseminaria&#038;p=2325"},"modified":"2024-11-04T15:56:28","modified_gmt":"2024-11-04T14:56:28","slug":"miedzynarodowa-konferencja-isd-2024","status":"publish","type":"konferencjeseminaria","link":"https:\/\/iirc.uek.krakow.pl\/ki\/konferencjeseminaria\/miedzynarodowa-konferencja-isd-2024\/","title":{"rendered":"Mi\u0119dzynarodowa konferencja ISD 2024"},"content":{"rendered":"\n<p>W dniach 26-28 sierpnia 2024 w Sopocie odby\u0142a si\u0119 mi\u0119dzynarodowa konferencja naukowa <a href=\"https:\/\/isd2024.ug.edu.pl\/\">The 32nd International Conference on Information Systems Development (ISD 2024)<\/a>. Temat wiod\u0105cy konferencji ISD 2024 to \u201cHarnessing Opportunities: Reshaping ISD in the post-COVID-19 and Generative AI Era\u201d. By\u0142a to 32. edycja presti\u017cowej konferencji mi\u0119dzynarodowej, kt\u00f3rej tematyka skupia si\u0119 na problematyce rozwijania System\u00f3w Informacyjnych. Pracownicy Katedry Informatyki UEK byli zaanga\u017cowani zar\u00f3wno w organizacj\u0119 konferencji, jak i byli jej aktywnymi uczestnikami.<\/p>\n\n\n\n<p>W ramach organizacji konferencji, Piotr Soja z Katedry Informatyki UEK wsp\u00f3\u0142organizowa\u0142 wraz z prof. Marit\u0105 Kirikov\u0105 z Riga Technical University (\u0141otwa) \u015bcie\u017ck\u0119 tematyczn\u0105 (tzw. conference track) pt. \u201eT7: New Topics in IS Development\u201d. Do obowi\u0105zk\u00f3w organizator\u00f3w \u015bcie\u017cki konferencyjnej nale\u017ca\u0142a promocja konferencji, pozyskanie artyku\u0142\u00f3w, przeprowadzenie procesu recenzji, podj\u0119cie finalnych decyzji o akceptacji lub odrzuceniu artyku\u0142\u00f3w oraz organizacja sesji konferencyjnych. W ramach tych obowi\u0105zk\u00f3w, podczas konferencji Piotr Soja pe\u0142ni\u0142 funkcj\u0119 kierownika sesji \u201eSession 6A: New Topics in IS Development II\u201d.<\/p>\n\n\n\n<p>Podczas konferencji zaprezentowano siedem artyku\u0142\u00f3w, kt\u00f3rych wsp\u00f3\u0142autorami byli pracownicy Katedry Informatyki. Do grupy wsp\u00f3\u0142autor\u00f3w artyku\u0142\u00f3w nale\u017c\u0105: Jakub Micha\u0144k\u00f3w, Janusz Morajda, Gra\u017cyna Paliwoda-P\u0119kosz, Piotr Soja oraz Janusz Stal. Artyku\u0142y te zosta\u0142y zaprezentowane podczas sesji konferencyjnych oraz sesji posterowych.<\/p>\n\n\n\n<p>Podczas sesji konferencyjnych zosta\u0142y zaprezentowane cztery artyku\u0142y, kt\u00f3rych wsp\u00f3\u0142autorami s\u0105 Jakub Micha\u0144k\u00f3w, Janusz Morajda oraz Piotr Soja z Katedry Informatyki UEK. Zaprezentowane artyku\u0142y to:<\/p>\n\n\n\n<ul class=\"wp-block-list\">\n<li>\u201cCombining Deep Learning and GARCH Models for Financial Volatility and Risk Forecasting\u201d, autorstwa Jakuba Micha\u0144kowa, \u0141ukasza Kwiatkowskiego oraz Janusza Morajdy,<\/li>\n\n\n\n<li>\u201cDeterminants of Digital Transformation of Elderly Care: Preliminary Insights from Polish and Swedish Technology Providers\u201d, kt\u00f3rego autorami s\u0105 Ella Kolkowska, Ewa Soja oraz Piotr Soja,<\/li>\n\n\n\n<li>\u201cExploring Client and Vendor Perspective on Software-as-a-Service Adoption Decision\u201d, autorstwa Paw\u0142a Lustofina, Micha\u0142a Kuciapskiego oraz Piotra Soji,<\/li>\n\n\n\n<li>\u201cHedging Properties of Algorithmic Investment Strategies using Long Short-Term Memory and Time Series models for Equity Indices\u201d kt\u00f3rego autorami s\u0105 Jakub Micha\u0144k\u00f3w, Pawe\u0142 Sakowski oraz Robert \u015alepaczuk.<\/li>\n<\/ul>\n\n\n\n<p>Podczas sesji posterowej zosta\u0142y zaprezentowane trzy artyku\u0142y, kt\u00f3rych wsp\u00f3\u0142autorami s\u0105 Gra\u017cyna Paliwoda-P\u0119kosz i Janusz Stal z Katedry Informatyki UEK. By\u0142y to artyku\u0142y:<\/p>\n\n\n\n<ul class=\"wp-block-list\">\n<li>\u201cAI-Driven System for University Information Provision: Preliminary Lessons Learned from a University in Poland\u201d autorzy: Dariusz Put, Bart\u0142omiej Balsamski, Jakub Kanclerz, Anna Karcz oraz Janusz Stal,<\/li>\n\n\n\n<li>\u201cDistance Learning from Higher Education Teachers\u2019 Perspective: Insights from Poland and Ukraine\u201d, autorki: Svitlana Didkivska, Gra\u017cyna Paliwoda-P\u0119kosz oraz Tetiana Vakaliuk,<\/li>\n\n\n\n<li>\u201cSuccess in Grant Funding: Towards a Method of Measuring Convergence of the Project Abstract to the Call\u201d, autorki: Sylwia Krzy\u017cek-Liburska i Gra\u017cyna Paliwoda-P\u0119kosz.<\/li>\n<\/ul>\n\n\n\n<figure class=\"wp-block-image size-large\"><img fetchpriority=\"high\" decoding=\"async\" width=\"1024\" height=\"576\" src=\"https:\/\/iirc.uek.krakow.pl\/ki\/wp-content\/uploads\/sites\/5\/2024\/11\/UG_CONF_2024-239-z-890-1024x576.jpg\" alt=\"\" class=\"wp-image-2321\" srcset=\"https:\/\/iirc.uek.krakow.pl\/ki\/wp-content\/uploads\/sites\/5\/2024\/11\/UG_CONF_2024-239-z-890-1024x576.jpg 1024w, https:\/\/iirc.uek.krakow.pl\/ki\/wp-content\/uploads\/sites\/5\/2024\/11\/UG_CONF_2024-239-z-890-300x169.jpg 300w, https:\/\/iirc.uek.krakow.pl\/ki\/wp-content\/uploads\/sites\/5\/2024\/11\/UG_CONF_2024-239-z-890-768x432.jpg 768w, https:\/\/iirc.uek.krakow.pl\/ki\/wp-content\/uploads\/sites\/5\/2024\/11\/UG_CONF_2024-239-z-890-1536x864.jpg 1536w, https:\/\/iirc.uek.krakow.pl\/ki\/wp-content\/uploads\/sites\/5\/2024\/11\/UG_CONF_2024-239-z-890-2048x1152.jpg 2048w, https:\/\/iirc.uek.krakow.pl\/ki\/wp-content\/uploads\/sites\/5\/2024\/11\/UG_CONF_2024-239-z-890-1140x641.jpg 1140w\" sizes=\"(max-width: 1024px) 100vw, 1024px\" \/><\/figure>\n","protected":false},"excerpt":{"rendered":"<p>W dniach 26-28 sierpnia 2024 w Sopocie odby\u0142a si\u0119 mi\u0119dzynarodowa konferencja naukowa The 32nd International Conference on Information Systems Development (ISD 2024). Temat wiod\u0105cy konferencji ISD 2024 to \u201cHarnessing Opportunities: Reshaping ISD in the post-COVID-19 and Generative AI Era\u201d. By\u0142a to 32. edycja presti\u017cowej konferencji mi\u0119dzynarodowej, kt\u00f3rej tematyka skupia si\u0119 na problematyce rozwijania System\u00f3w Informacyjnych. Pracownicy Katedry Informatyki UEK byli zaanga\u017cowani zar\u00f3wno w organizacj\u0119 konferencji, jak i byli jej aktywnymi uczestnikami. W ramach organizacji konferencji, Piotr Soja z Katedry Informatyki UEK wsp\u00f3\u0142organizowa\u0142 wraz z prof. Marit\u0105 Kirikov\u0105 z Riga Technical University (\u0141otwa) \u015bcie\u017ck\u0119 tematyczn\u0105 (tzw. conference track) pt. \u201eT7: New Topics in IS Development\u201d. Do obowi\u0105zk\u00f3w organizator\u00f3w \u015bcie\u017cki konferencyjnej nale\u017ca\u0142a promocja konferencji, pozyskanie artyku\u0142\u00f3w, przeprowadzenie procesu recenzji, podj\u0119cie finalnych decyzji o akceptacji lub odrzuceniu artyku\u0142\u00f3w oraz organizacja sesji konferencyjnych. W ramach tych obowi\u0105zk\u00f3w, podczas konferencji Piotr Soja pe\u0142ni\u0142 funkcj\u0119 kierownika sesji \u201eSession 6A: New Topics in IS Development II\u201d. Podczas konferencji zaprezentowano siedem artyku\u0142\u00f3w, kt\u00f3rych wsp\u00f3\u0142autorami byli pracownicy Katedry Informatyki. Do grupy wsp\u00f3\u0142autor\u00f3w artyku\u0142\u00f3w nale\u017c\u0105: Jakub Micha\u0144k\u00f3w, Janusz Morajda, Gra\u017cyna Paliwoda-P\u0119kosz, Piotr Soja oraz Janusz Stal. Artyku\u0142y te zosta\u0142y zaprezentowane podczas sesji konferencyjnych oraz sesji posterowych. Podczas sesji konferencyjnych zosta\u0142y zaprezentowane cztery artyku\u0142y, kt\u00f3rych wsp\u00f3\u0142autorami s\u0105 Jakub Micha\u0144k\u00f3w, Janusz Morajda oraz Piotr Soja z Katedry Informatyki UEK. Zaprezentowane artyku\u0142y to: Podczas sesji posterowej zosta\u0142y zaprezentowane trzy artyku\u0142y, kt\u00f3rych wsp\u00f3\u0142autorami s\u0105 Gra\u017cyna Paliwoda-P\u0119kosz i Janusz Stal z Katedry Informatyki UEK. By\u0142y to artyku\u0142y:<\/p>\n","protected":false},"author":7,"featured_media":2322,"parent":0,"menu_order":0,"template":"","format":"standard","meta":[],"class_list":["post-2325","konferencjeseminaria","type-konferencjeseminaria","status-publish","format-standard","has-post-thumbnail","hentry"],"_links":{"self":[{"href":"https:\/\/iirc.uek.krakow.pl\/ki\/wp-json\/wp\/v2\/konferencjeseminaria\/2325","targetHints":{"allow":["GET"]}}],"collection":[{"href":"https:\/\/iirc.uek.krakow.pl\/ki\/wp-json\/wp\/v2\/konferencjeseminaria"}],"about":[{"href":"https:\/\/iirc.uek.krakow.pl\/ki\/wp-json\/wp\/v2\/types\/konferencjeseminaria"}],"author":[{"embeddable":true,"href":"https:\/\/iirc.uek.krakow.pl\/ki\/wp-json\/wp\/v2\/users\/7"}],"version-history":[{"count":1,"href":"https:\/\/iirc.uek.krakow.pl\/ki\/wp-json\/wp\/v2\/konferencjeseminaria\/2325\/revisions"}],"predecessor-version":[{"id":2326,"href":"https:\/\/iirc.uek.krakow.pl\/ki\/wp-json\/wp\/v2\/konferencjeseminaria\/2325\/revisions\/2326"}],"wp:featuredmedia":[{"embeddable":true,"href":"https:\/\/iirc.uek.krakow.pl\/ki\/wp-json\/wp\/v2\/media\/2322"}],"wp:attachment":[{"href":"https:\/\/iirc.uek.krakow.pl\/ki\/wp-json\/wp\/v2\/media?parent=2325"}],"curies":[{"name":"wp","href":"https:\/\/api.w.org\/{rel}","templated":true}]}}

Międzynarodowa konferencja ISD 2024

<p>W dniach 26-28 sierpnia 2024 w Sopocie odbyła się międzynarodowa konferencja naukowa <a href="https://isd2024.ug.edu.pl/">The 32nd International Conference on Information Systems Development (ISD 2024)</a>. Temat wiodący konferencji ISD 2024 to “Harnessing Opportunities: Reshaping ISD in the post-COVID-19 and Generative AI Era”. Była to 32. edycja prestiżowej konferencji międzynarodowej, której tematyka skupia się na problematyce rozwijania Systemów Informacyjnych. Pracownicy Katedry Informatyki UEK byli zaangażowani zarówno w organizację konferencji, jak i byli jej aktywnymi uczestnikami.</p>



<p>W ramach organizacji konferencji, Piotr Soja z Katedry Informatyki UEK współorganizował wraz z prof. Maritą Kirikovą z Riga Technical University (Łotwa) ścieżkę tematyczną (tzw. conference track) pt. „T7: New Topics in IS Development”. Do obowiązków organizatorów ścieżki konferencyjnej należała promocja konferencji, pozyskanie artykułów, przeprowadzenie procesu recenzji, podjęcie finalnych decyzji o akceptacji lub odrzuceniu artykułów oraz organizacja sesji konferencyjnych. W ramach tych obowiązków, podczas konferencji Piotr Soja pełnił funkcję kierownika sesji „Session 6A: New Topics in IS Development II”.</p>



<p>Podczas konferencji zaprezentowano siedem artykułów, których współautorami byli pracownicy Katedry Informatyki. Do grupy współautorów artykułów należą: Jakub Michańków, Janusz Morajda, Grażyna Paliwoda-Pękosz, Piotr Soja oraz Janusz Stal. Artykuły te zostały zaprezentowane podczas sesji konferencyjnych oraz sesji posterowych.</p>



<p>Podczas sesji konferencyjnych zostały zaprezentowane cztery artykuły, których współautorami są Jakub Michańków, Janusz Morajda oraz Piotr Soja z Katedry Informatyki UEK. Zaprezentowane artykuły to:</p>



<ul class="wp-block-list">
<li>“Combining Deep Learning and GARCH Models for Financial Volatility and Risk Forecasting”, autorstwa Jakuba Michańkowa, Łukasza Kwiatkowskiego oraz Janusza Morajdy,</li>



<li>“Determinants of Digital Transformation of Elderly Care: Preliminary Insights from Polish and Swedish Technology Providers”, którego autorami są Ella Kolkowska, Ewa Soja oraz Piotr Soja,</li>



<li>“Exploring Client and Vendor Perspective on Software-as-a-Service Adoption Decision”, autorstwa Pawła Lustofina, Michała Kuciapskiego oraz Piotra Soji,</li>



<li>“Hedging Properties of Algorithmic Investment Strategies using Long Short-Term Memory and Time Series models for Equity Indices” którego autorami są Jakub Michańków, Paweł Sakowski oraz Robert Ślepaczuk.</li>
</ul>



<p>Podczas sesji posterowej zostały zaprezentowane trzy artykuły, których współautorami są Grażyna Paliwoda-Pękosz i Janusz Stal z Katedry Informatyki UEK. Były to artykuły:</p>



<ul class="wp-block-list">
<li>“AI-Driven System for University Information Provision: Preliminary Lessons Learned from a University in Poland” autorzy: Dariusz Put, Bartłomiej Balsamski, Jakub Kanclerz, Anna Karcz oraz Janusz Stal,</li>



<li>“Distance Learning from Higher Education Teachers’ Perspective: Insights from Poland and Ukraine”, autorki: Svitlana Didkivska, Grażyna Paliwoda-Pękosz oraz Tetiana Vakaliuk,</li>



<li>“Success in Grant Funding: Towards a Method of Measuring Convergence of the Project Abstract to the Call”, autorki: Sylwia Krzyżek-Liburska i Grażyna Paliwoda-Pękosz.</li>
</ul>



<figure class="wp-block-image size-large"><img fetchpriority="high" decoding="async" width="1024" height="576" src="https://iirc.uek.krakow.pl/ki/wp-content/uploads/sites/5/2024/11/UG_CONF_2024-239-z-890-1024x576.jpg" alt="" class="wp-image-2321" srcset="https://iirc.uek.krakow.pl/ki/wp-content/uploads/sites/5/2024/11/UG_CONF_2024-239-z-890-1024x576.jpg 1024w, https://iirc.uek.krakow.pl/ki/wp-content/uploads/sites/5/2024/11/UG_CONF_2024-239-z-890-300x169.jpg 300w, https://iirc.uek.krakow.pl/ki/wp-content/uploads/sites/5/2024/11/UG_CONF_2024-239-z-890-768x432.jpg 768w, https://iirc.uek.krakow.pl/ki/wp-content/uploads/sites/5/2024/11/UG_CONF_2024-239-z-890-1536x864.jpg 1536w, https://iirc.uek.krakow.pl/ki/wp-content/uploads/sites/5/2024/11/UG_CONF_2024-239-z-890-2048x1152.jpg 2048w, https://iirc.uek.krakow.pl/ki/wp-content/uploads/sites/5/2024/11/UG_CONF_2024-239-z-890-1140x641.jpg 1140w" sizes="(max-width: 1024px) 100vw, 1024px" /></figure>

<p>W dniach 26-28 sierpnia 2024 w Sopocie odbyła się międzynarodowa konferencja naukowa The 32nd International Conference on Information Systems Development (ISD 2024). Temat wiodący konferencji ISD 2024 to “Harnessing Opportunities: Reshaping ISD in the post-COVID-19 and Generative AI Era”. Była to 32. edycja prestiżowej konferencji międzynarodowej, której tematyka skupia się na problematyce rozwijania Systemów Informacyjnych. Pracownicy Katedry Informatyki UEK byli zaangażowani zarówno w organizację konferencji, jak i byli jej aktywnymi uczestnikami. W ramach organizacji konferencji, Piotr Soja z Katedry Informatyki UEK współorganizował wraz z prof. Maritą Kirikovą z Riga Technical University (Łotwa) ścieżkę tematyczną (tzw. conference track) pt. „T7: New Topics in IS Development”. Do obowiązków organizatorów ścieżki konferencyjnej należała promocja konferencji, pozyskanie artykułów, przeprowadzenie procesu recenzji, podjęcie finalnych decyzji o akceptacji lub odrzuceniu artykułów oraz organizacja sesji konferencyjnych. W ramach tych obowiązków, podczas konferencji Piotr Soja pełnił funkcję kierownika sesji „Session 6A: New Topics in IS Development II”. Podczas konferencji zaprezentowano siedem artykułów, których współautorami byli pracownicy Katedry Informatyki. Do grupy współautorów artykułów należą: Jakub Michańków, Janusz Morajda, Grażyna Paliwoda-Pękosz, Piotr Soja oraz Janusz Stal. Artykuły te zostały zaprezentowane podczas sesji konferencyjnych oraz sesji posterowych. Podczas sesji konferencyjnych zostały zaprezentowane cztery artykuły, których współautorami są Jakub Michańków, Janusz Morajda oraz Piotr Soja z Katedry Informatyki UEK. Zaprezentowane artykuły to: Podczas sesji posterowej zostały zaprezentowane trzy artykuły, których współautorami są Grażyna Paliwoda-Pękosz i Janusz Stal z Katedry Informatyki UEK. Były to artykuły:</p>
